 -2897a (base 12) in base 6?
-1114234
-b8a9 (base 12) to base 3
-1000211110
-3352 (base 7) to base 2
-10010111101
Convert -1046 (base 8) to base 2.
-1000100110
Convert 17211 (base 11) to base 13.
b036
Convert -1271 (base 8) to base 14.
-37b
-313 (base 16) to base 7
-2203
What is 384 (base 12) in base 3?
201201
What is 2120020111 (base 3) in base 7?
300106
What is 12405 (base 6) in base 5?
30002
Convert 1392 (base 11) to base 14.
923
-26c (base 14) to base 15
-228
Convert 3556 (base 7) to base 10.
1315
What is 843 (base 15) in base 8?
3507
42005 (base 7) to base 5
312140
What is -89 (base 13) in base 16?
-71
Convert 6a9 (base 11) to base 13.
500
Convert -1573 (base 10) to base 15.
-6ed
What is 1b59 (base 13) in base 16?
1022
What is 1568 (base 14) in base 5?
110231
Convert 971 (base 10) to base 11.
803
Convert 379 (base 13) to base 4.
21133
What is 663 (base 11) in base 5?
11140
What is 1116 (base 10) in base 16?
45c
-161 (base 12) to base 2
-11011001
Convert 600 (base 8) to base 7.
1056
-1021 (base 16) to base 9
-5587
Convert 32320 (base 4) to base 14.
4c0
Convert 8162 (base 9) to base 6.
43345
What is -53e (base 15) in base 16?
-4a0
What is -11003 (base 6) in base 10?
-1515
What is 2421 (base 12) in base 10?
4057
What is 111110000 (base 2) in base 5?
3441
-5db1 (base 15) to base 7
-112132
What is -11111102 (base 3) in base 13?
-1652
52136 (base 11) to base 12
37bb7
Convert -a3c (base 13) to base 4.
-123031
What is -14040 (base 7) in base 12?
-2249
What is a13 (base 16) in base 4?
220103
Convert 110001100 (base 2) to base 7.
1104
Convert -1001222 (base 3) to base 4.
-30032
Convert -50a (base 13) to base 2.
-1101010111
Convert -4560 (base 15) to base 9.
-22160
Convert -4440 (base 7) to base 16.
-63c
Convert 62636 (base 8) to base 14.
96a2
What is 110310 (base 4) in base 10?
1332
What is 107 (base 10) in base 3?
10222
What is -150 (base 11) in base 12?
-128
146 (base 11) to base 12
123
What is d3 (base 15) in base 6?
530
What is 12886 (base 11) in base 15?
5695
Convert -101100110000 (base 2) to base 6.
-21132
What is ae36 (base 16) in base 14?
12378
Convert 683 (base 12) to base 3.
1022200
131204 (base 7) to base 8
57607
What is -10041 (base 5) in base 2?
-1010000110
Convert -267 (base 9) to base 12.
-167
Convert 1de1 (base 15) to base 14.
2531
Convert 1031 (base 8) to base 10.
537
What is -1674 (base 11) in base 14?
-aca
What is -10467 (base 8) in base 2?
-1000100110111
Convert 14653 (base 11) to base 5.
1130444
Convert -25748 (base 9) to base 4.
-10033202
What is a51 (base 14) in base 15?
906
-4644 (base 10) to base 14
-199a
What is -53c (base 14) in base 3?
-1102022
What is 2071 (base 8) in base 16?
439
What is -107440 (base 9) in base 15?
-141ac
What is -103330 (base 4) in base 9?
-1667
Convert 4ce0 (base 16) to base 7.
111243
What is 32067 (base 8) in base 16?
3437
What is 10101101 (base 3) in base 16?
9a3
-10001011 (base 2) to base 6
-351
What is -42 (base 14) in base 15?
-3d
Convert -10d (base 15) to base 4.
-3232
-16522 (base 8) to base 12
-4416
546162 (base 7) to base 4
113120232
What is 41661 (base 8) in base 6?
212121
110001110000 (base 2) to base 8
6160
What is 311233 (base 4) in base 13?
1747
-6214 (base 8) to base 5
-100322
What is -730 (base 10) in base 9?
-1001
1021002 (base 5) to base 12
9a0a
What is 162 (base 13) in base 9?
306
Convert 2347 (base 10) to base 6.
14511
Convert 10101100110 (base 2) to base 14.
70a
What is 5153 (base 13) in base 10?
11222
What is -2030424 (base 5) in base 7?
-165623
What is -16 (base 11) in base 3?
-122
Convert 333303 (base 5) to base 4.
2312313
567 (base 13) to base 6
4150
Convert -2151 (base 6) to base 2.
-111110011
-2114 (base 8) to base 15
-4d5
-424444 (base 5) to base 15
-43d4
What is -8a (base 14) in base 13?
-95
Convert -3462 (base 10) to base 6.
-24010
-11010200202 (base 3) to base 7
-456251
-1170 (base 9) to base 3
-1012100
2220220 (base 4) to base 7
43315
Convert -1034020 (base 5) to base 15.
-550a
822 (base 11) to base 4
33200
1011010011 (base 2) to base 12
503
Convert 1a403 (base 12) to base 9.
57843
What is 183e7 (base 15) in base 4?
103022311
Convert 5576 (base 8) to base 11.
2235
1304b (base 12) to base 10
25979
What is -658a (base 11) in base 13?
-3c55
Convert -143b (base 12) to base 10.
-2351
a71a (base 12) to base 10
18310
Convert 100000 (base 2) to base 5.
112
Convert -3a36 (base 13) to base 12.
-499a
What is -331122 (base 4) in base 6?
-30110
Convert 1804 (base 11) to base 10.
2303
-43033 (base 6) to base 15
-1b03
-2b53 (base 13) to base 8
-14261
ac2a (base 14) to base 3
1111220211
Convert 24 (base 6) to base 9.
17
141301 (base 7) to base 4
12210112
What is 222020 (base 3) in base 7?
2031
Convert -ed36 (base 16) to base 8.
-166466
What is a20 (base 12) in base 9?
2006
Convert 61f2 (base 16) to base 2.
110000111110010
20201 (base 4) to base 14
2ad
4634 (base 9) to base 3
11201011
What is 10020 (base 4) in base 5?
2024
-2285 (base 9) to base 3
-2022212
-10110110110 (base 2) to base 7
-4156
What is 1552 (base 6) in base 16?
1ac
What is 3b4 (base 16) in base 6?
4220
What is 10501 (base 11) in base 5?
441442
What is -27021 (base 9) in base 11?
-12786
Convert 302 (base 9) to base 14.
137
122210210 (base 3) to base 13
5ba7
What is -45351 (base 7) in base 11?
-8707
101121200 (base 3) to base 7
31365
111010021 (base 3) to base 13
447a
What is -3181 (base 15) in base 8?
-24347
Convert -12571 (base 8) to base 3.
-21112121
-5651 (base 11) to base 5
-214222
54604 (base 7) to base 16
356b
-101122120 (base 3) to base 7
-31431
Convert -4381 (base 9) to base 15.
-e57
-287c (base 13) to base 9
-8018
Convert -20202201 (base 3) to base 5.
-124213
17336 (base 8) to base 10
7902
-ab9 (base 16) to base 13
-1332
-110 (base 11) to base 9
-156
4310 (base 7) to base 14
7b0
Convert 8631 (base 11) to base 2.
10110010010000
10101110011 (base 2) to base 10
1395
-18b (base 14) to base 4
-10333
What is 13b6 (base 16) in base 10?
5046
What is 426 (base 11) in base 2?
1000000000
320 (base 5) to base 8
125
213 (base 11) to base 14
144
Convert -4892 (base 16) to base 6.
-222002
Convert -905a (base 13) to base 8.
-46610
Convert 11011101111 (base 2) to base 12.
103b
What is 110453 (base 6) in base 5?
243444
Convert 664 (base 9) to base 16.
220
133103 (base 5) to base 4
1110123
What is -3550 (base 9) in base 6?
-20113
What is -314a (base 16) in base 8?
-30512
91 (base 10) to base 15
61
What is 1be (base 16) in base 5?
3241
What is -5121 (base 6) in base 14?
-5a9
What is 112001 (base 3) in base 14?
1d1
Convert -29c (base 13) to base 7.
-1235
-2021011 (base 3) to base 10
-1651
-101000111 (base 2) to base 16
-147
Convert 3100312 (base 4) to base 2.
11010000110110
54775 (base 8) to base 10
23037
-314031 (base 5) to base 10
-10516
1313 (base 12) to base 3
2222120
-1525 (base 8) to base 16
-355
Convert 67 (base 11) to base 4.
1021
-b0c6 (base 13) to base 7
-130634
-11100001 (base 3) to base 4
-301120
Convert -12153 (base 6) to base 13.
-a83
-16d1 (base 16) to base 5
-141331
2969 (base 10) to base 5
43334
What is -76612 (base 9) in base 6?
-1031102
85 (base 16) to base 8
205
What is -33114 (base 5) in base 11?
-1797
Convert -3846 (base 9) to base 16.
-b3d
What is -b297 (base 13) in base 4?
-12000311
-18a9 (base 13) to base 12
-2174
6b3 (base 16) to base 11
131a
6624 (base 7) to base 10
2370
Convert 1510a (base 13) to base 10.
39725
794 (base 11) to base 6
4222
Convert 17b3 (base 12) to base 14.
1091
Convert 1110011100 (base 2) to base 5.
12144
1017 (base 11) to base 15
5ee
What is -1ab90 (base 13) in base 12?
-26477
Convert -2463 (base 9) to base 3.
-2112010
Convert 212433 (base 6) to base 11.
1211a
ad19 (base 16) to base 11
30325
Convert -111213 (base 5) to base 6.
-30113
Convert 3198 (base 11) to base 6.
31313
Convert -2474 (base 10) to base 2.
-100110101010
What is 100222121 (base 3) in base 7?
30136
2856 (base 9) to base 13
c9c
Convert -121110 (base 4) to base 8.
-3124
What is -3530 (base 7) in base 11?
-a78
Convert 213233 (base 4) to base 2.
100111101111
Convert -11021 (base 6) to base 16.
-5f5
Convert -409 (base 12) to base 13.
-360
What is -4c (base 14) in base 11?
-62
What is -4b09 (base 12) in base 5?
-233010
Convert 4221433 (base 5) to base 2.
10001001001100011
What is 314 (base 8) in base 7?
411
323 (base 11)